{"id":2016,"date":"2021-11-14T11:46:01","date_gmt":"2021-11-14T10:46:01","guid":{"rendered":"https:\/\/server462349.nazwa.pl\/wordpress\/wpn_p309bip\/?page_id=2016"},"modified":"2023-04-13T09:20:20","modified_gmt":"2023-04-13T07:20:20","slug":"ochrona-danych-osobowych","status":"publish","type":"page","link":"https:\/\/fievutysjg.cfolks.pl\/sosw-bip\/?page_id=2016","title":{"rendered":"Ochrona danych osobowych"},"content":{"rendered":"<p style=\"text-align: center;\">W Specjalnym O\u015brodku Szkolno-Wychowawczym w Jaworze jest wyznaczony Inspektor Ochrony Danych.<\/p>\n<p style=\"text-align: center;\">Dane kontaktowe<\/p>\n<p style=\"text-align: center;\">Specjalny O\u015brodek Szkolno-Wychowawczy<\/p>\n<p style=\"text-align: center;\">&#8222;IOD &#8211; dane osobowe&#8221;<\/p>\n<p style=\"text-align: center;\">59-400 Jawor, ul. Paderewskiego 6<\/p>\n<p style=\"text-align: center;\">tel.:\u00a076 870 24 72<\/p>\n<p style=\"text-align: center;\">e-mail: kontakt.iod@o2.pl<\/p>\n<p>&nbsp;<\/p>\n<p>Poni\u017cej za\u0142\u0105czono wa\u017cne informacje dotycz\u0105ce ochrony i przetwarzania danych osobowych w Specjalnym O\u015brodku Szkolno-Wychowawczym w Jaworze. Prosimy o zapoznanie si\u0119 z nimi:<\/p>\n<ol>\n<li><a href=\"https:\/\/fievutysjg.cfolks.pl\/sosw-bip\/?attachment_id=2234\" target=\"_blank\" rel=\"attachment noopener wp-att-2234\">Klauzula informacyjna &#8211; monitoring wizyjny<\/a><\/li>\n<li><a href=\"https:\/\/fievutysjg.cfolks.pl\/sosw-bip\/?attachment_id=2285\" target=\"_blank\" rel=\"attachment noopener wp-att-2285\">Regulamin monitoringu wizyjnego<\/a><\/li>\n<\/ol>\n<p>&nbsp;<\/p>\n","protected":false},"excerpt":{"rendered":"<p>W Specjalnym O\u015brodku Szkolno-Wychowawczym w Jaworze jest wyznaczony Inspektor Ochrony Danych. Dane kontaktowe Specjalny O\u015brodek Szkolno-Wychowawczy &#8222;IOD &#8211; dane osobowe&#8221; 59-400 Jawor, ul. Paderewskiego 6 tel.:\u00a076 870 24 72 e-mail: kontakt.iod@o2.pl &nbsp; Poni\u017cej za\u0142\u0105czono wa\u017cne informacje dotycz\u0105ce ochrony i przetwarzania danych osobowych w Specjalnym O\u015brodku Szkolno-Wychowawczym w Jaworze. Prosimy o [&hellip;]<\/p>\n","protected":false},"author":4,"featured_media":0,"parent":0,"menu_order":0,"comment_status":"closed","ping_status":"closed","template":"","meta":[],"yoast_head":"<!-- This site is optimized with the Yoast SEO plugin v20.13 - https:\/\/yoast.com\/wordpress\/plugins\/seo\/ -->\n<title>Ochrona danych osobowych - SOSW Jawor - BIP<\/title>\n<meta name=\"robots\" content=\"index, follow, max-snippet:-1, max-image-preview:large, max-video-preview:-1\" \/>\n<link rel=\"canonical\" href=\"https:\/\/fievutysjg.cfolks.pl\/sosw-bip\/?page_id=2016\" \/>\n<meta property=\"og:locale\" content=\"pl_PL\" \/>\n<meta property=\"og:type\" content=\"article\" \/>\n<meta property=\"og:title\" content=\"Ochrona danych osobowych - SOSW Jawor - BIP\" \/>\n<meta property=\"og:description\" content=\"W Specjalnym O\u015brodku Szkolno-Wychowawczym w Jaworze jest wyznaczony Inspektor Ochrony Danych. Dane kontaktowe Specjalny O\u015brodek Szkolno-Wychowawczy &#8222;IOD &#8211; dane osobowe&#8221; 59-400 Jawor, ul. Paderewskiego 6 tel.:\u00a076 870 24 72 e-mail: kontakt.iod@o2.pl &nbsp; Poni\u017cej za\u0142\u0105czono wa\u017cne informacje dotycz\u0105ce ochrony i przetwarzania danych osobowych w Specjalnym O\u015brodku Szkolno-Wychowawczym w Jaworze. Prosimy o [&hellip;]\" \/>\n<meta property=\"og:url\" content=\"https:\/\/fievutysjg.cfolks.pl\/sosw-bip\/?page_id=2016\" \/>\n<meta property=\"og:site_name\" content=\"SOSW Jawor - BIP\" \/>\n<meta property=\"article:modified_time\" content=\"2023-04-13T07:20:20+00:00\" \/>\n<meta name=\"twitter:card\" content=\"summary_large_image\" \/>\n<script type=\"application\/ld+json\" class=\"yoast-schema-graph\">{\"@context\":\"https:\/\/schema.org\",\"@graph\":[{\"@type\":\"WebPage\",\"@id\":\"https:\/\/fievutysjg.cfolks.pl\/sosw-bip\/?page_id=2016\",\"url\":\"https:\/\/fievutysjg.cfolks.pl\/sosw-bip\/?page_id=2016\",\"name\":\"Ochrona danych osobowych - SOSW Jawor - BIP\",\"isPartOf\":{\"@id\":\"https:\/\/fievutysjg.cfolks.pl\/sosw-bip\/#website\"},\"datePublished\":\"2021-11-14T10:46:01+00:00\",\"dateModified\":\"2023-04-13T07:20:20+00:00\",\"breadcrumb\":{\"@id\":\"https:\/\/fievutysjg.cfolks.pl\/sosw-bip\/?page_id=2016#breadcrumb\"},\"inLanguage\":\"pl-PL\",\"potentialAction\":[{\"@type\":\"ReadAction\",\"target\":[\"https:\/\/fievutysjg.cfolks.pl\/sosw-bip\/?page_id=2016\"]}]},{\"@type\":\"BreadcrumbList\",\"@id\":\"https:\/\/fievutysjg.cfolks.pl\/sosw-bip\/?page_id=2016#breadcrumb\",\"itemListElement\":[{\"@type\":\"ListItem\",\"position\":1,\"name\":\"Home\",\"item\":\"https:\/\/fievutysjg.cfolks.pl\/sosw-bip\/\"},{\"@type\":\"ListItem\",\"position\":2,\"name\":\"Ochrona danych osobowych\"}]},{\"@type\":\"WebSite\",\"@id\":\"https:\/\/fievutysjg.cfolks.pl\/sosw-bip\/#website\",\"url\":\"https:\/\/fievutysjg.cfolks.pl\/sosw-bip\/\",\"name\":\"SOSW Jawor - BIP\",\"description\":\"Strona BIP\",\"potentialAction\":[{\"@type\":\"SearchAction\",\"target\":{\"@type\":\"EntryPoint\",\"urlTemplate\":\"https:\/\/fievutysjg.cfolks.pl\/sosw-bip\/?s={search_term_string}\"},\"query-input\":\"required name=search_term_string\"}],\"inLanguage\":\"pl-PL\"}]}<\/script>\n<!-- \/ Yoast SEO plugin. -->","yoast_head_json":{"title":"Ochrona danych osobowych - SOSW Jawor - BIP","robots":{"index":"index","follow":"follow","max-snippet":"max-snippet:-1","max-image-preview":"max-image-preview:large","max-video-preview":"max-video-preview:-1"},"canonical":"https:\/\/fievutysjg.cfolks.pl\/sosw-bip\/?page_id=2016","og_locale":"pl_PL","og_type":"article","og_title":"Ochrona danych osobowych - SOSW Jawor - BIP","og_description":"W Specjalnym O\u015brodku Szkolno-Wychowawczym w Jaworze jest wyznaczony Inspektor Ochrony Danych. Dane kontaktowe Specjalny O\u015brodek Szkolno-Wychowawczy &#8222;IOD &#8211; dane osobowe&#8221; 59-400 Jawor, ul. Paderewskiego 6 tel.:\u00a076 870 24 72 e-mail: kontakt.iod@o2.pl &nbsp; Poni\u017cej za\u0142\u0105czono wa\u017cne informacje dotycz\u0105ce ochrony i przetwarzania danych osobowych w Specjalnym O\u015brodku Szkolno-Wychowawczym w Jaworze. Prosimy o [&hellip;]","og_url":"https:\/\/fievutysjg.cfolks.pl\/sosw-bip\/?page_id=2016","og_site_name":"SOSW Jawor - BIP","article_modified_time":"2023-04-13T07:20:20+00:00","twitter_card":"summary_large_image","schema":{"@context":"https:\/\/schema.org","@graph":[{"@type":"WebPage","@id":"https:\/\/fievutysjg.cfolks.pl\/sosw-bip\/?page_id=2016","url":"https:\/\/fievutysjg.cfolks.pl\/sosw-bip\/?page_id=2016","name":"Ochrona danych osobowych - SOSW Jawor - BIP","isPartOf":{"@id":"https:\/\/fievutysjg.cfolks.pl\/sosw-bip\/#website"},"datePublished":"2021-11-14T10:46:01+00:00","dateModified":"2023-04-13T07:20:20+00:00","breadcrumb":{"@id":"https:\/\/fievutysjg.cfolks.pl\/sosw-bip\/?page_id=2016#breadcrumb"},"inLanguage":"pl-PL","potentialAction":[{"@type":"ReadAction","target":["https:\/\/fievutysjg.cfolks.pl\/sosw-bip\/?page_id=2016"]}]},{"@type":"BreadcrumbList","@id":"https:\/\/fievutysjg.cfolks.pl\/sosw-bip\/?page_id=2016#breadcrumb","itemListElement":[{"@type":"ListItem","position":1,"name":"Home","item":"https:\/\/fievutysjg.cfolks.pl\/sosw-bip\/"},{"@type":"ListItem","position":2,"name":"Ochrona danych osobowych"}]},{"@type":"WebSite","@id":"https:\/\/fievutysjg.cfolks.pl\/sosw-bip\/#website","url":"https:\/\/fievutysjg.cfolks.pl\/sosw-bip\/","name":"SOSW Jawor - BIP","description":"Strona BIP","potentialAction":[{"@type":"SearchAction","target":{"@type":"EntryPoint","urlTemplate":"https:\/\/fievutysjg.cfolks.pl\/sosw-bip\/?s={search_term_string}"},"query-input":"required name=search_term_string"}],"inLanguage":"pl-PL"}]}},"_links":{"self":[{"href":"https:\/\/fievutysjg.cfolks.pl\/sosw-bip\/index.php?rest_route=\/wp\/v2\/pages\/2016"}],"collection":[{"href":"https:\/\/fievutysjg.cfolks.pl\/sosw-bip\/index.php?rest_route=\/wp\/v2\/pages"}],"about":[{"href":"https:\/\/fievutysjg.cfolks.pl\/sosw-bip\/index.php?rest_route=\/wp\/v2\/types\/page"}],"author":[{"embeddable":true,"href":"https:\/\/fievutysjg.cfolks.pl\/sosw-bip\/index.php?rest_route=\/wp\/v2\/users\/4"}],"replies":[{"embeddable":true,"href":"https:\/\/fievutysjg.cfolks.pl\/sosw-bip\/index.php?rest_route=%2Fwp%2Fv2%2Fcomments&post=2016"}],"version-history":[{"count":10,"href":"https:\/\/fievutysjg.cfolks.pl\/sosw-bip\/index.php?rest_route=\/wp\/v2\/pages\/2016\/revisions"}],"predecessor-version":[{"id":2287,"href":"https:\/\/fievutysjg.cfolks.pl\/sosw-bip\/index.php?rest_route=\/wp\/v2\/pages\/2016\/revisions\/2287"}],"wp:attachment":[{"href":"https:\/\/fievutysjg.cfolks.pl\/sosw-bip\/index.php?rest_route=%2Fwp%2Fv2%2Fmedia&parent=2016"}],"curies":[{"name":"wp","href":"https:\/\/api.w.org\/{rel}","templated":true}]}}