{"id":2014,"date":"2021-11-14T11:45:44","date_gmt":"2021-11-14T10:45:44","guid":{"rendered":"https:\/\/server462349.nazwa.pl\/wordpress\/wpn_p309bip\/?page_id=2014"},"modified":"2023-02-27T08:15:49","modified_gmt":"2023-02-27T07:15:49","slug":"rekrutacje-nabory","status":"publish","type":"page","link":"https:\/\/fievutysjg.cfolks.pl\/sosw-bip\/?page_id=2014","title":{"rendered":"Rekrutacja"},"content":{"rendered":"<p style=\"text-align: center;\"><b>Zasady rekrutacji w Specjalnym O\u015brodku Szkolno-Wychowawczym w Jaworze<\/b><\/p>\n<p style=\"text-align: center;\">1. Specjalny O\u015brodek Szkolno-Wychowawczy w Jaworze kszta\u0142ci dzieci i m\u0142odzie\u017c z niepe\u0142nosprawno\u015bci\u0105 intelektualn\u0105 w stopniu lekkim, umiarkowanym, znacznym i g\u0142\u0119bokim.<\/p>\n<p style=\"text-align: center;\">2. O\u015brodek prowadzi nab\u00f3r przez ca\u0142y rok szklony. W swojej ofercie posiadamy:<\/p>\n<p style=\"text-align: center;\">a) Przedszkole specjalne w Jaworze dla dzieci z niepe\u0142nosprawno\u015bci\u0105 intelektualn\u0105 w stopniu umiarkowanym, znacznym i g\u0142\u0119bokim, z autyzmem oraz z niepe\u0142nosprawno\u015bciami sprz\u0119\u017conymi,<\/p>\n<p style=\"text-align: center;\"><span style=\"font-size: 11.0pt;\">b) Szko\u0142a podstawowa specjalna nr 3 dla dzieci z niepe\u0142nosprawno\u015bci\u0105 intelektualn\u0105 w stopniu lekkim,<\/span><\/p>\n<p style=\"text-align: center;\">c) Szko\u0142a podstawowa specjalna nr 2 dla dzieci z niepe\u0142nosprawno\u015bci\u0105 intelektualn\u0105 w stopniu umiarkowanym i znacznym,<\/p>\n<p style=\"text-align: center;\">d) Bran\u017cowa szko\u0142a specjalna I stopnia,<\/p>\n<p style=\"text-align: center;\">e) Szko\u0142a specjalna przysposabiaj\u0105ca do pracy,<\/p>\n<p style=\"text-align: center;\">e) Zespo\u0142y rewalidacyjno-wychowawcze,<\/p>\n<p style=\"text-align: center;\">f) Wczesne wspomaganie rozwoju dziecka.<\/p>\n<p style=\"text-align: center;\">3. Warunkiem przyj\u0119cia ucznia jest posiadanie aktualnego orzeczenia o potrzebie kszta\u0142cenia specjalnego.<\/p>\n<p style=\"text-align: center;\" align=\"center\">4. Rodzic\u00f3w \/ opiekun\u00f3w prawnych zainteresowanych zapisaniem dziecka do naszego O\u015brodka serdecznie zapraszamy do bezpo\u015bredniego kontaktu z nami.<\/p>\n<p style=\"text-align: center;\" align=\"center\">W trakcie spotkania przedstawimy ofert\u0119 edukacyjn\u0105 i terapeutyczn\u0105 plac\u00f3wki, oprowadzimy po szkole, jak r\u00f3wnie\u017c pomo\u017cemy w wype\u0142nieniu w\u0142a\u015bciwego wniosku o przyj\u0119cie do O\u015brodka.<\/p>\n<p style=\"text-align: center;\">5. Pobyt w Specjalnym O\u015brodku Szkolno-Wychowawczym w Jaworze jest bezp\u0142atny.<\/p>\n<p>&nbsp;<\/p>\n","protected":false},"excerpt":{"rendered":"<p>Zasady rekrutacji w Specjalnym O\u015brodku Szkolno-Wychowawczym w Jaworze 1. Specjalny O\u015brodek Szkolno-Wychowawczy w Jaworze kszta\u0142ci dzieci i m\u0142odzie\u017c z niepe\u0142nosprawno\u015bci\u0105 intelektualn\u0105 w stopniu lekkim, umiarkowanym, znacznym i g\u0142\u0119bokim. 2. O\u015brodek prowadzi nab\u00f3r przez ca\u0142y rok szklony. W swojej ofercie posiadamy: a) Przedszkole specjalne w Jaworze dla dzieci z niepe\u0142nosprawno\u015bci\u0105 intelektualn\u0105 [&hellip;]<\/p>\n","protected":false},"author":4,"featured_media":0,"parent":0,"menu_order":0,"comment_status":"closed","ping_status":"closed","template":"","meta":[],"yoast_head":"<!-- This site is optimized with the Yoast SEO plugin v20.13 - https:\/\/yoast.com\/wordpress\/plugins\/seo\/ -->\n<title>Rekrutacja - SOSW Jawor - BIP<\/title>\n<meta name=\"robots\" content=\"index, follow, max-snippet:-1, max-image-preview:large, max-video-preview:-1\" \/>\n<link rel=\"canonical\" href=\"https:\/\/fievutysjg.cfolks.pl\/sosw-bip\/?page_id=2014\" \/>\n<meta property=\"og:locale\" content=\"pl_PL\" \/>\n<meta property=\"og:type\" content=\"article\" \/>\n<meta property=\"og:title\" content=\"Rekrutacja - SOSW Jawor - BIP\" \/>\n<meta property=\"og:description\" content=\"Zasady rekrutacji w Specjalnym O\u015brodku Szkolno-Wychowawczym w Jaworze 1. Specjalny O\u015brodek Szkolno-Wychowawczy w Jaworze kszta\u0142ci dzieci i m\u0142odzie\u017c z niepe\u0142nosprawno\u015bci\u0105 intelektualn\u0105 w stopniu lekkim, umiarkowanym, znacznym i g\u0142\u0119bokim. 2. O\u015brodek prowadzi nab\u00f3r przez ca\u0142y rok szklony. W swojej ofercie posiadamy: a) Przedszkole specjalne w Jaworze dla dzieci z niepe\u0142nosprawno\u015bci\u0105 intelektualn\u0105 [&hellip;]\" \/>\n<meta property=\"og:url\" content=\"https:\/\/fievutysjg.cfolks.pl\/sosw-bip\/?page_id=2014\" \/>\n<meta property=\"og:site_name\" content=\"SOSW Jawor - BIP\" \/>\n<meta property=\"article:modified_time\" content=\"2023-02-27T07:15:49+00:00\" \/>\n<meta name=\"twitter:card\" content=\"summary_large_image\" \/>\n<meta name=\"twitter:label1\" content=\"Szacowany czas czytania\" \/>\n\t<meta name=\"twitter:data1\" content=\"1 minuta\" \/>\n<script type=\"application\/ld+json\" class=\"yoast-schema-graph\">{\"@context\":\"https:\/\/schema.org\",\"@graph\":[{\"@type\":\"WebPage\",\"@id\":\"https:\/\/fievutysjg.cfolks.pl\/sosw-bip\/?page_id=2014\",\"url\":\"https:\/\/fievutysjg.cfolks.pl\/sosw-bip\/?page_id=2014\",\"name\":\"Rekrutacja - SOSW Jawor - BIP\",\"isPartOf\":{\"@id\":\"https:\/\/fievutysjg.cfolks.pl\/sosw-bip\/#website\"},\"datePublished\":\"2021-11-14T10:45:44+00:00\",\"dateModified\":\"2023-02-27T07:15:49+00:00\",\"breadcrumb\":{\"@id\":\"https:\/\/fievutysjg.cfolks.pl\/sosw-bip\/?page_id=2014#breadcrumb\"},\"inLanguage\":\"pl-PL\",\"potentialAction\":[{\"@type\":\"ReadAction\",\"target\":[\"https:\/\/fievutysjg.cfolks.pl\/sosw-bip\/?page_id=2014\"]}]},{\"@type\":\"BreadcrumbList\",\"@id\":\"https:\/\/fievutysjg.cfolks.pl\/sosw-bip\/?page_id=2014#breadcrumb\",\"itemListElement\":[{\"@type\":\"ListItem\",\"position\":1,\"name\":\"Home\",\"item\":\"https:\/\/fievutysjg.cfolks.pl\/sosw-bip\/\"},{\"@type\":\"ListItem\",\"position\":2,\"name\":\"Rekrutacja\"}]},{\"@type\":\"WebSite\",\"@id\":\"https:\/\/fievutysjg.cfolks.pl\/sosw-bip\/#website\",\"url\":\"https:\/\/fievutysjg.cfolks.pl\/sosw-bip\/\",\"name\":\"SOSW Jawor - BIP\",\"description\":\"Strona BIP\",\"potentialAction\":[{\"@type\":\"SearchAction\",\"target\":{\"@type\":\"EntryPoint\",\"urlTemplate\":\"https:\/\/fievutysjg.cfolks.pl\/sosw-bip\/?s={search_term_string}\"},\"query-input\":\"required name=search_term_string\"}],\"inLanguage\":\"pl-PL\"}]}<\/script>\n<!-- \/ Yoast SEO plugin. -->","yoast_head_json":{"title":"Rekrutacja - SOSW Jawor - BIP","robots":{"index":"index","follow":"follow","max-snippet":"max-snippet:-1","max-image-preview":"max-image-preview:large","max-video-preview":"max-video-preview:-1"},"canonical":"https:\/\/fievutysjg.cfolks.pl\/sosw-bip\/?page_id=2014","og_locale":"pl_PL","og_type":"article","og_title":"Rekrutacja - SOSW Jawor - BIP","og_description":"Zasady rekrutacji w Specjalnym O\u015brodku Szkolno-Wychowawczym w Jaworze 1. Specjalny O\u015brodek Szkolno-Wychowawczy w Jaworze kszta\u0142ci dzieci i m\u0142odzie\u017c z niepe\u0142nosprawno\u015bci\u0105 intelektualn\u0105 w stopniu lekkim, umiarkowanym, znacznym i g\u0142\u0119bokim. 2. O\u015brodek prowadzi nab\u00f3r przez ca\u0142y rok szklony. W swojej ofercie posiadamy: a) Przedszkole specjalne w Jaworze dla dzieci z niepe\u0142nosprawno\u015bci\u0105 intelektualn\u0105 [&hellip;]","og_url":"https:\/\/fievutysjg.cfolks.pl\/sosw-bip\/?page_id=2014","og_site_name":"SOSW Jawor - BIP","article_modified_time":"2023-02-27T07:15:49+00:00","twitter_card":"summary_large_image","twitter_misc":{"Szacowany czas czytania":"1 minuta"},"schema":{"@context":"https:\/\/schema.org","@graph":[{"@type":"WebPage","@id":"https:\/\/fievutysjg.cfolks.pl\/sosw-bip\/?page_id=2014","url":"https:\/\/fievutysjg.cfolks.pl\/sosw-bip\/?page_id=2014","name":"Rekrutacja - SOSW Jawor - BIP","isPartOf":{"@id":"https:\/\/fievutysjg.cfolks.pl\/sosw-bip\/#website"},"datePublished":"2021-11-14T10:45:44+00:00","dateModified":"2023-02-27T07:15:49+00:00","breadcrumb":{"@id":"https:\/\/fievutysjg.cfolks.pl\/sosw-bip\/?page_id=2014#breadcrumb"},"inLanguage":"pl-PL","potentialAction":[{"@type":"ReadAction","target":["https:\/\/fievutysjg.cfolks.pl\/sosw-bip\/?page_id=2014"]}]},{"@type":"BreadcrumbList","@id":"https:\/\/fievutysjg.cfolks.pl\/sosw-bip\/?page_id=2014#breadcrumb","itemListElement":[{"@type":"ListItem","position":1,"name":"Home","item":"https:\/\/fievutysjg.cfolks.pl\/sosw-bip\/"},{"@type":"ListItem","position":2,"name":"Rekrutacja"}]},{"@type":"WebSite","@id":"https:\/\/fievutysjg.cfolks.pl\/sosw-bip\/#website","url":"https:\/\/fievutysjg.cfolks.pl\/sosw-bip\/","name":"SOSW Jawor - BIP","description":"Strona BIP","potentialAction":[{"@type":"SearchAction","target":{"@type":"EntryPoint","urlTemplate":"https:\/\/fievutysjg.cfolks.pl\/sosw-bip\/?s={search_term_string}"},"query-input":"required name=search_term_string"}],"inLanguage":"pl-PL"}]}},"_links":{"self":[{"href":"https:\/\/fievutysjg.cfolks.pl\/sosw-bip\/index.php?rest_route=\/wp\/v2\/pages\/2014"}],"collection":[{"href":"https:\/\/fievutysjg.cfolks.pl\/sosw-bip\/index.php?rest_route=\/wp\/v2\/pages"}],"about":[{"href":"https:\/\/fievutysjg.cfolks.pl\/sosw-bip\/index.php?rest_route=\/wp\/v2\/types\/page"}],"author":[{"embeddable":true,"href":"https:\/\/fievutysjg.cfolks.pl\/sosw-bip\/index.php?rest_route=\/wp\/v2\/users\/4"}],"replies":[{"embeddable":true,"href":"https:\/\/fievutysjg.cfolks.pl\/sosw-bip\/index.php?rest_route=%2Fwp%2Fv2%2Fcomments&post=2014"}],"version-history":[{"count":6,"href":"https:\/\/fievutysjg.cfolks.pl\/sosw-bip\/index.php?rest_route=\/wp\/v2\/pages\/2014\/revisions"}],"predecessor-version":[{"id":2257,"href":"https:\/\/fievutysjg.cfolks.pl\/sosw-bip\/index.php?rest_route=\/wp\/v2\/pages\/2014\/revisions\/2257"}],"wp:attachment":[{"href":"https:\/\/fievutysjg.cfolks.pl\/sosw-bip\/index.php?rest_route=%2Fwp%2Fv2%2Fmedia&parent=2014"}],"curies":[{"name":"wp","href":"https:\/\/api.w.org\/{rel}","templated":true}]}}