{"id":2020,"date":"2021-11-14T11:46:27","date_gmt":"2021-11-14T10:46:27","guid":{"rendered":"https:\/\/fievutysjg.cfolks.pl\/bursabip\/?page_id=2020"},"modified":"2023-03-22T11:16:20","modified_gmt":"2023-03-22T10:16:20","slug":"deklaracja-dostepnosci","status":"publish","type":"page","link":"https:\/\/fievutysjg.cfolks.pl\/bursabip\/?page_id=2020","title":{"rendered":"Deklaracja dost\u0119pno\u015bci"},"content":{"rendered":"<p><a href=\"https:\/\/fievutysjg.cfolks.pl\/bursabip\/wp-content\/uploads\/2023\/03\/Deklaracja-Dostepnosci-Bursy-Szkolnej-w-Sandomierzu.docx\">Deklaracja Dost\u0119pno\u015bci Bursy Szkolnej w Sandomierzu<\/a><\/p>\n","protected":false},"excerpt":{"rendered":"<p>Deklaracja Dost\u0119pno\u015bci Bursy Szkolnej w Sandomierzu<\/p>\n","protected":false},"author":1,"featured_media":0,"parent":0,"menu_order":0,"comment_status":"closed","ping_status":"closed","template":"","meta":{"footnotes":""},"yoast_head":"<!-- This site is optimized with the Yoast SEO plugin v17.6 - https:\/\/yoast.com\/wordpress\/plugins\/seo\/ -->\n<title>Deklaracja dost\u0119pno\u015bci - Biuletyn Informacji Publicznej - Demo<\/title>\n<meta name=\"robots\" content=\"index, follow, max-snippet:-1, max-image-preview:large, max-video-preview:-1\" \/>\n<link rel=\"canonical\" href=\"https:\/\/fievutysjg.cfolks.pl\/bursabip\/?page_id=2020\" \/>\n<meta property=\"og:locale\" content=\"pl_PL\" \/>\n<meta property=\"og:type\" content=\"article\" \/>\n<meta property=\"og:title\" content=\"Deklaracja dost\u0119pno\u015bci - Biuletyn Informacji Publicznej - Demo\" \/>\n<meta property=\"og:description\" content=\"Deklaracja Dost\u0119pno\u015bci Bursy Szkolnej w Sandomierzu\" \/>\n<meta property=\"og:url\" content=\"https:\/\/fievutysjg.cfolks.pl\/bursabip\/?page_id=2020\" \/>\n<meta property=\"og:site_name\" content=\"Biuletyn Informacji Publicznej - Demo\" \/>\n<meta property=\"article:modified_time\" content=\"2023-03-22T10:16:20+00:00\" \/>\n<meta name=\"twitter:card\" content=\"summary_large_image\" \/>\n<meta name=\"twitter:label1\" content=\"Szacowany czas czytania\" \/>\n\t<meta name=\"twitter:data1\" content=\"1 minuta\" \/>\n<script type=\"application\/ld+json\" class=\"yoast-schema-graph\">{\"@context\":\"https:\/\/schema.org\",\"@graph\":[{\"@type\":\"WebSite\",\"@id\":\"https:\/\/fievutysjg.cfolks.pl\/bursabip\/#website\",\"url\":\"https:\/\/fievutysjg.cfolks.pl\/bursabip\/\",\"name\":\"Biuletyn Informacji Publicznej - Demo\",\"description\":\"Nazwa plac&oacute;wki\",\"potentialAction\":[{\"@type\":\"SearchAction\",\"target\":{\"@type\":\"EntryPoint\",\"urlTemplate\":\"https:\/\/fievutysjg.cfolks.pl\/bursabip\/?s={search_term_string}\"},\"query-input\":\"required name=search_term_string\"}],\"inLanguage\":\"pl-PL\"},{\"@type\":\"WebPage\",\"@id\":\"https:\/\/fievutysjg.cfolks.pl\/bursabip\/?page_id=2020#webpage\",\"url\":\"https:\/\/fievutysjg.cfolks.pl\/bursabip\/?page_id=2020\",\"name\":\"Deklaracja dost\\u0119pno\\u015bci - Biuletyn Informacji Publicznej - Demo\",\"isPartOf\":{\"@id\":\"https:\/\/fievutysjg.cfolks.pl\/bursabip\/#website\"},\"datePublished\":\"2021-11-14T10:46:27+00:00\",\"dateModified\":\"2023-03-22T10:16:20+00:00\",\"breadcrumb\":{\"@id\":\"https:\/\/fievutysjg.cfolks.pl\/bursabip\/?page_id=2020#breadcrumb\"},\"inLanguage\":\"pl-PL\",\"potentialAction\":[{\"@type\":\"ReadAction\",\"target\":[\"https:\/\/fievutysjg.cfolks.pl\/bursabip\/?page_id=2020\"]}]},{\"@type\":\"BreadcrumbList\",\"@id\":\"https:\/\/fievutysjg.cfolks.pl\/bursabip\/?page_id=2020#breadcrumb\",\"itemListElement\":[{\"@type\":\"ListItem\",\"position\":1,\"name\":\"Home\",\"item\":\"https:\/\/fievutysjg.cfolks.pl\/bursabip\/\"},{\"@type\":\"ListItem\",\"position\":2,\"name\":\"Deklaracja dost\\u0119pno\\u015bci\"}]}]}<\/script>\n<!-- \/ Yoast SEO plugin. -->","yoast_head_json":{"title":"Deklaracja dost\u0119pno\u015bci - Biuletyn Informacji Publicznej - Demo","robots":{"index":"index","follow":"follow","max-snippet":"max-snippet:-1","max-image-preview":"max-image-preview:large","max-video-preview":"max-video-preview:-1"},"canonical":"https:\/\/fievutysjg.cfolks.pl\/bursabip\/?page_id=2020","og_locale":"pl_PL","og_type":"article","og_title":"Deklaracja dost\u0119pno\u015bci - Biuletyn Informacji Publicznej - Demo","og_description":"Deklaracja Dost\u0119pno\u015bci Bursy Szkolnej w Sandomierzu","og_url":"https:\/\/fievutysjg.cfolks.pl\/bursabip\/?page_id=2020","og_site_name":"Biuletyn Informacji Publicznej - Demo","article_modified_time":"2023-03-22T10:16:20+00:00","twitter_card":"summary_large_image","twitter_misc":{"Szacowany czas czytania":"1 minuta"},"schema":{"@context":"https:\/\/schema.org","@graph":[{"@type":"WebSite","@id":"https:\/\/fievutysjg.cfolks.pl\/bursabip\/#website","url":"https:\/\/fievutysjg.cfolks.pl\/bursabip\/","name":"Biuletyn Informacji Publicznej - Demo","description":"Nazwa plac&oacute;wki","potentialAction":[{"@type":"SearchAction","target":{"@type":"EntryPoint","urlTemplate":"https:\/\/fievutysjg.cfolks.pl\/bursabip\/?s={search_term_string}"},"query-input":"required name=search_term_string"}],"inLanguage":"pl-PL"},{"@type":"WebPage","@id":"https:\/\/fievutysjg.cfolks.pl\/bursabip\/?page_id=2020#webpage","url":"https:\/\/fievutysjg.cfolks.pl\/bursabip\/?page_id=2020","name":"Deklaracja dost\u0119pno\u015bci - Biuletyn Informacji Publicznej - Demo","isPartOf":{"@id":"https:\/\/fievutysjg.cfolks.pl\/bursabip\/#website"},"datePublished":"2021-11-14T10:46:27+00:00","dateModified":"2023-03-22T10:16:20+00:00","breadcrumb":{"@id":"https:\/\/fievutysjg.cfolks.pl\/bursabip\/?page_id=2020#breadcrumb"},"inLanguage":"pl-PL","potentialAction":[{"@type":"ReadAction","target":["https:\/\/fievutysjg.cfolks.pl\/bursabip\/?page_id=2020"]}]},{"@type":"BreadcrumbList","@id":"https:\/\/fievutysjg.cfolks.pl\/bursabip\/?page_id=2020#breadcrumb","itemListElement":[{"@type":"ListItem","position":1,"name":"Home","item":"https:\/\/fievutysjg.cfolks.pl\/bursabip\/"},{"@type":"ListItem","position":2,"name":"Deklaracja dost\u0119pno\u015bci"}]}]}},"_links":{"self":[{"href":"https:\/\/fievutysjg.cfolks.pl\/bursabip\/index.php?rest_route=\/wp\/v2\/pages\/2020"}],"collection":[{"href":"https:\/\/fievutysjg.cfolks.pl\/bursabip\/index.php?rest_route=\/wp\/v2\/pages"}],"about":[{"href":"https:\/\/fievutysjg.cfolks.pl\/bursabip\/index.php?rest_route=\/wp\/v2\/types\/page"}],"author":[{"embeddable":true,"href":"https:\/\/fievutysjg.cfolks.pl\/bursabip\/index.php?rest_route=\/wp\/v2\/users\/1"}],"replies":[{"embeddable":true,"href":"https:\/\/fievutysjg.cfolks.pl\/bursabip\/index.php?rest_route=%2Fwp%2Fv2%2Fcomments&post=2020"}],"version-history":[{"count":2,"href":"https:\/\/fievutysjg.cfolks.pl\/bursabip\/index.php?rest_route=\/wp\/v2\/pages\/2020\/revisions"}],"predecessor-version":[{"id":2146,"href":"https:\/\/fievutysjg.cfolks.pl\/bursabip\/index.php?rest_route=\/wp\/v2\/pages\/2020\/revisions\/2146"}],"wp:attachment":[{"href":"https:\/\/fievutysjg.cfolks.pl\/bursabip\/index.php?rest_route=%2Fwp%2Fv2%2Fmedia&parent=2020"}],"curies":[{"name":"wp","href":"https:\/\/api.w.org\/{rel}","templated":true}]}}